Calculate 0 - (-5 - 0) - (16 - (-14 - -11)).
-14
7 - (-8 - (18 + -25))
8
Evaluate 3 - ((-1 - 11) + 21).
-6
What is the value of 8 - (-37 + 56) - (0 - (-5 - 1))?
-17
Evaluate 1 - -12 - (106 + -99).
6
Evaluate 6 + -14 - 10 - (-11 - (-4 - 1)).
-12
Calculate 13 - (6 - -3 - -15).
-11
What is -25 + (-11 - (-28 - (3 - 6)))?
-11
10 + -14 - (16 - (2 + (-4 - -8)))
-14
What is the value of 7 + 0 + 36 + -47 + 4 + -9?
-9
Calculate -12 - (-199 + 216 + (-10 - 0)).
-19
Evaluate -96 + 86 + (6 - 1) - 8.
-13
13 + 11 + -27 + 10
7
-1496 + 1490 + (1 - 0) + 3 + -11
-13
-15 - 13 - (3 + 6) - (3 + -5)
-35
What is the value of 0 + 0 - (23 + -42 - -36)?
-17
Calculate (17 - 7) + (1 + -4 - -5).
12
Evaluate 6 - (15 + (3 - 16)).
4
Evaluate 6 - 19 - -1 - -31.
19
What is the value of -81 - (-47 - -7 - -1)?
-42
What is the value of 9 + 0 + -14 - 7 - -6?
-6
Calculate -6 + -30 + 8 + 12 - 0.
-16
What is the value of 11 + -6 + -10 - -10 - (-3 + -1)?
9
What is the value of -42 + 18 - ((-2 - -8) + -19)?
-11
Calculate 49 + 0 - (245 + -219).
23
Calculate -425 - -417 - (0 + 6).
-14
What is (-11 - -4) + 3 + -21 + 11?
-14
(0 - (-11 + 8) - -25) + 6
34
-10 + 18 + (6 - 3 - 5) + 3
9
Evaluate (2 - 11) + 10 + -3.
-2
What is (0 - 3) + (-11 - -3 - -14)?
3
3 + 0 - 3 - (9 - (2 + 1))
-6
Calculate 43 + (22 - 30) + -62.
-27
What is (-549 - -547) + (-1 - 14)?
-17
What is the value of -1 - (-3 - (-3 + 9 + -3))?
5
(-2 - (3 + -7) - 0) + -2 + 0
0
Evaluate 4 + 2 + 11 + 4 + 12 + -21.
12
What is (1 - (-57 - -67 - (-1 + -2))) + 7?
-5
What is 32 + (-11 - -7) + 42 + -53?
17
What is -19 + 22 + -7 + (-9 - (1 + -2))?
-12
What is (1 - (-5 + -3)) + 1 - -1?
11
Evaluate 8 + 21 + -31 + -16.
-18
Calculate -6 - (-9 - (0 - (-1 + -14))).
18
What is the value of -10 + (-3 - -16 - 22)?
-19
Calculate 21 + -11 + (14 - 22).
2
(-10 + (5 - 2) - -4) + 14 + -17
-6
Calculate (-239 - -260) + -1 + 9 - 9.
20
What is 8 + (6 + -1 - 0) - (11 - 2)?
4
17 + -12 - 6 - (5 - 3 - 0)
-3
What is the value of 10 + -8 + -3 + 28 - (8 - 9)?
28
What is 3 + (-13 + 37 - 52)?
-25
What is (63 - 9) + -30 + -6?
18
What is the value of 1 + -1 + 16 + -21 - -27?
22
2 - (3 + (32 - 10))
-23
Calculate -7 - (101 + -102 + (2 + 0 - -8)).
-16
What is (-4 - (-6 + 4)) + 17 + -14?
1
Calculate -16 - ((-10 - -9) + -1).
-14
What is the value of -20 + 35 + (-25 - -2)?
-8
Evaluate -17 - (-2 + (-6 - -1)) - (14 - 16).
-8
What is (-1 + -5 - (-30 - -30)) + -23 + 4?
-25
What is the value of -14 - (-3 + (9 - 18) + -1)?
-1
Calculate -10 + 0 + 9 + (-2 - 10) + -8.
-21
What is the value of 5 + -5 + 14 - (114 + -124)?
24
(0 + 1 + -1 - (31 + -34)) + -10
-7
What is the value of -18 - (3 + (1 - 8) + -4)?
-10
What is 3 + 6 + 2 + -3 + 0 + 3?
11
What is 14 + -4 + (-12 - -8 - 1)?
5
Calculate 5 + (3 - 6) + -25 - (117 + -123).
-17
Evaluate 13 + (-3 - 9) - 13.
-12
Calculate 32 + -2 + -3 + -2 + -7 + 0.
18
-414 - -404 - ((3 - 0) + -24)
11
Calculate -16 - (4 + -26 + 1).
5
Calculate -2 - -8 - (17 - (-10 + 15 + -20)).
-26
3 + 1 + 1 + 0 + (7 - 5)
7
Calculate 26 + 0 - (5 + (-6 - -13)).
14
Calculate 10 + 0 + -23 - (-13 + 4).
-4
What is the value of -1 - -4 - (47 + (-9 - (-4 + 8)))?
-31
Evaluate (-2 + 0 - -1) + -697 + 695.
-3
Evaluate 3 - 0 - (5 + -7 + 7 + 0).
-2
What is the value of (-2 - (-15 - ((7 - 6) + -8))) + -25?
-19
Calculate (-4 - -7) + (-3 - 3 - -12).
9
What is (7 - 8) + -13 - -6 - (12 - 26)?
6
What is (-4 - 0) + (4 - 1 - -5)?
4
What is (-1 - 5 - (-14 + 5)) + 9?
12
Evaluate 12 + (22 - (8 - -2)).
24
Evaluate -2 - (4 - (0 - 1) - (514 + -513)).
-6
What is -2 + (4 - 0 - 7) + 11 - 7?
-1
Evaluate -1 + 12 - (-461 + 455).
17
Calculate -5 + ((11 - 1) + -9 - (4 + -1)).
-7
What is the value of 47 - (22 - 11) - 15?
21
What is the value of 10 + (8 - (3 + 1) - (-4 - -2))?
16
Evaluate -14 - (-3 - 7) - -7.
3
What is the value of -7 + -7 - (-23 - -29)?
-20
Calculate -221 - -187 - (2 + -23).
-13
Calculate (-7 - -20) + (-25 - -14) - 23.
-21
-7 + (11 - -2) + -8 + 5 + -1
2
-136 - -113 - (3 + -11)
-15
Calculate (6 - (11 - (2 + 0))) + -1.
-4
Calculate -9 - (4 - (-2 + 18)) - -5.
8
What is (33 - (47 + -40)) + -59?
-33
What is the value of -2 + -3 - (-12 - (-8 + 3)) - -15?
17
(-10 - -3) + (-5 - (-12 + 5) - -6)
1
Evaluate (119 - 109) + -5 + -25.
-20
What is 2 + -14 + -4 + (4 + 9 - 2)?
-5
What is the value of 19 + 2 - (37 + -26)?
10
What is the value of -64 + 26 + (-11 - -25)?
-24
Calculate ((16 - -5) + (2 - 10) - 3) + -3.
7
Evaluate (12 - 10) + (4 - 4) + 1 - 12.
-9
What is the value of (9 - 6 - -5 - (-8 - -4)) + 5?
17
-3 - -5 - (10 - (-4 + 2 + 8))
-2
Calculate 12 + (23 - 10) + -20.
5
Calculate -13 + (24 - -2) + (-19 - -4).
-2
Evaluate (-21 - 4 - -8) + 7.
-10
What is -1 + -8 + 7 + (-4 - 1 - 2)?
-9
What is the value of (30 - 26) + -10 - (-8 + -1)?
3
What is the value of 16 + -40 + 15 + -2?
-11
What is 10 + (-8 + -10 - -24)?
16
What is -423 + 419 + (10 - 1)?
5
What is 3 - 0 - -10 - 18?
-5
What is 4 + -9 + 8 + -1 + 9?
11
What is (0 - (7 - 7)) + (9 - 5)?
4
Calculate -9 + (-11 - -21) + (2 - -1) + -14.
-10
Evaluate -8 - ((9 - (10 + -1)) + -3).
-5
What is the value of -1 + (1 + -1 - 1) + (1 - 6)?
-7
-12 + (-12 - (8 + 0 - 16))
-16
Calculate -4 + (1 + -6 - (0 + -1)).
-8
Calculate (-3 - -13) + -3 + (176 - 208).
-25
Calculate 0 - (-7 - 5) - (7 - (2 + 1)).
8
(-7 - (18 - 40)) + 2
17
Calculate -2 + (13 - 44 - -20) + 1.
-12
What is (4 - -15 - 10) + -1?
8
-208 - -212 - (-1 + 8)
-3
(-1 - -1 - -4) + 0 + (-8 - -16)
12
What is the value of (19 - -17) + -54 + 24?
6
What is 4 + -6 + (-12 - 5) + 2?
-17
What is the value of (-14 + 11 - -8) + -3?
2
What is the value of 30 + (-16 + -5 - 2)?
7
Calculate 25 - 22 - (-1 - -7) - 2 - 6.
-11
Evaluate 0 + 1 + 11 + (8 - 22) + 9.
7
Calculate 21 + (-18 - -21) + -16.
8
3 - (26 + -5 + 4 + -10)
-12
5 + -1 + -8 + 9 + -28
-23
What is (-34 - -16 - (3 + -11)) + (-10 - -20)?
0
What is the value of 9 - ((-8 - (-8 - -9)) + 26)?
-8
Evaluate (25 - (-7 + 14 + -2)) + -13.
7
What is the value of 16 + 24 + 1 - 22?
19
What is 27 + (1 - -3) + (6 - 14) + -1?
22
Calculate (-10 - 5) + 15 - (-4 - (-1 - 0)).
3
Evaluate 49 - 199 - -138 - (1 - (-1 + -5)).
-19
What is the value of 3 - (5 + (-7 - -4 - -4))?
-3
What is the value of (-3 - 12) + 17 + -12?
-10
Calculate 7 + 0 + 1 - (1743 - 1722).
-13
Evaluate -4 - (-2 + 16 - 10 - -12).
-20
Evaluate 379 + -404 - (-10 + -1).
-14
-12 + 8 + -6 - (-9 - 5)
4
Evaluate -28 - (0 - (-8 + 1 - -10)).
-25
Evaluate -1 - (-7 - (3 - 1)) - (1 + -5).
12
Evaluate (16 - (-10 + 17)) + (3 - (0 - -1)).
11
Evaluate -5 - (14 - ((21 - -1) + 7)).
10
What is (-1 - -2) + 4 - (-19 + 8)?
16
-58 - 16 - (47 + -86)
-35
What is the value of 0 + -4 - -8 - (-2 + 11)?
-5
What is 8 + -1 + -9 + 11 + 1?
10
What is (-10 - -14) + -6 + 0 - 3 - 3?
-8
(1 - -3) + -40 + 41 - -1
6
12 - ((0 - 8) + -45 + 52)
13
Calculate -12 + (-11 + (14 - 4) - 12).
-25
Evaluate 26 - ((-6 - -15) + 6).
11
Evaluate -5 + (-2 - (9 + -7)).
-9
Evaluate -15 - (-35 - -26) - (1 - 0).
-7
What is 13 - ((4 - -11) + 12)?
-14
What is the value of 6 + (1 - (9 + 2 - (-1 + 4)))?
-1
What is the value of 7 - ((6 - (-11 - -16) - -8) + 29)?
-31
What is -11 + 3 - (-16 - (-1 - 3)) - 1?
3
What is the value of -217 + 223 - (5 - 1)?
2
Evaluate -1 + 3 + (-9 - (6 - 9 - 18)).
14
What is 16 - (-13 - -23) - 10?
-4
Calculate 0 + (3 - 10 - -11) - 12.
-8
Evaluate (20 - 23 - -44) + -29.
12
Calculate (0 - 2) + (9 - 6).
1
Calculate -11 + (-1 - (4 + -3 + -6)).
-7
Evaluate 9 - ((6 - -5) + (1 - 29)).
26
What is the value of -1 - (-1 - 26) - (-6 + 34 - 28)?
26
What is the value of 0 - 3 - (-7 + (16 - 5) - -1)?
-8
Calculate 1 + 3 + -1 + (-117 - -114).
0
4 + -5 + -7 + 11 + (-1 - -2)
4
What is 7 + -10 + 2 + -18 + 8?
-11
Evaluate -4 + 0 + -50 + 55.
1
(-1 - 1 - 8) + -214 + 207
-17
What is (-24 - -9) + 2 + -2?
-15
Calculate -9 - (-3 - -21 - 24).
-3
Calculate -14 - (-15 + (-2 - -12)).
-9
What is the value of 4 - (-8 - (-20 + 6)) - -4?
2
Calculate 8 - 3 - (10 - 6) - 0.
1
Calculate -44 - (67 - 91) - (1 - (-1 - -1)).
-21
-10 + (7 + 6 + 2 - -11)
16
Evaluate -68 + 81 - (2 - -1).
10
What is (0 - -36) + (-2 - 9 - 4)?
21
Evaluate 3 - (130 + -124 + (-1 - 1)).
-1
Calculate 30 + -37 - (3 - 1 - 5).
-4
What is 11 - (-1 - 1 - (50 - 50))?
13
Evaluate (10 - (-5 + -1 - -10)) + -6 - 5.
-5
What is the value of -1 + 41 + -31 - (0 - -34)?
-25
Evaluate 4 + -1 + -1 + (-16 - -21 - 3).
4
What is 41 + -35 + 3 + -8?
1
(-14 - 